{"id":11765,"date":"2019-06-12T17:55:18","date_gmt":"2019-06-12T22:55:18","guid":{"rendered":"https:\/\/instenalcocucuta.edu.co\/web\/?page_id=11765"},"modified":"2019-06-13T14:17:29","modified_gmt":"2019-06-13T19:17:29","slug":"proyecto-vial","status":"publish","type":"page","link":"https:\/\/instenalcocucuta.edu.co\/web\/proyecto-vial\/","title":{"rendered":"Proyecto Vial"},"content":{"rendered":"<div class=\"wpb-content-wrapper\"><p>[vc_row][vc_column]<div class=\"thim-widget-heading template-base\"><div class=\"sc_heading  text-center\"><h3 class=\"title\">PROYECTO VIAL<\/h3><span class=\"line\"><\/span><\/div><\/div>[\/vc_column][\/vc_row][vc_row][vc_column][vc_column_text]El Proyecto Vial tiene como finalidad educar a los estudiantes en las normas de tr\u00e1nsito y seguridad vial como estrategia de prevenci\u00f3n frente a los accidentes de tr\u00e1nsito, considerados como una de las causas de mayor p\u00e9rdida de vidas humanas, adem\u00e1s como una forma de fortalecer la cultura de la sociedad y la formaci\u00f3n de ciudadanos con valores y principios que lo orienten a un adecuado comportamiento.<\/p>\n<p><img decoding=\"async\" class=\"aligncenter\" src=\"https:\/\/instenalcocucuta.edu.co\/web\/wp-content\/uploads\/2019\/06\/proyectovial.png\" \/>[\/vc_column_text][\/vc_column][\/vc_row]<\/p>\n<\/div>","protected":false},"excerpt":{"rendered":"<p>[vc_row][vc_column][\/vc_column][\/vc_row][vc_row][vc_column][vc_column_text]El Proyecto Vial tiene como finalidad educar a los estudiantes en las normas de tr\u00e1nsito y seguridad vial como estrategia de prevenci\u00f3n frente a los accidentes de tr\u00e1nsito, considerados como una de las causas de mayor p\u00e9rdida de vidas humanas, &hellip; <\/p>\n","protected":false},"author":1,"featured_media":0,"parent":0,"menu_order":0,"comment_status":"closed","ping_status":"closed","template":"","meta":{"footnotes":""},"class_list":["post-11765","page","type-page","status-publish","hentry"],"_links":{"self":[{"href":"https:\/\/instenalcocucuta.edu.co\/web\/wp-json\/wp\/v2\/pages\/11765","targetHints":{"allow":["GET"]}}],"collection":[{"href":"https:\/\/instenalcocucuta.edu.co\/web\/wp-json\/wp\/v2\/pages"}],"about":[{"href":"https:\/\/instenalcocucuta.edu.co\/web\/wp-json\/wp\/v2\/types\/page"}],"author":[{"embeddable":true,"href":"https:\/\/instenalcocucuta.edu.co\/web\/wp-json\/wp\/v2\/users\/1"}],"replies":[{"embeddable":true,"href":"https:\/\/instenalcocucuta.edu.co\/web\/wp-json\/wp\/v2\/comments?post=11765"}],"version-history":[{"count":3,"href":"https:\/\/instenalcocucuta.edu.co\/web\/wp-json\/wp\/v2\/pages\/11765\/revisions"}],"predecessor-version":[{"id":11796,"href":"https:\/\/instenalcocucuta.edu.co\/web\/wp-json\/wp\/v2\/pages\/11765\/revisions\/11796"}],"wp:attachment":[{"href":"https:\/\/instenalcocucuta.edu.co\/web\/wp-json\/wp\/v2\/media?parent=11765"}],"curies":[{"name":"wp","href":"https:\/\/api.w.org\/{rel}","templated":true}]}}